{"id":991,"date":"2022-11-22T16:13:37","date_gmt":"2022-11-22T15:13:37","guid":{"rendered":"https:\/\/gs-lerchenberg.de\/?page_id=991"},"modified":"2023-03-29T14:41:29","modified_gmt":"2023-03-29T12:41:29","slug":"erasmus","status":"publish","type":"page","link":"https:\/\/gs-lerchenberg.de\/?page_id=991","title":{"rendered":"Europa, wir kommen! \u2013 Erasmus\u00a0 an der Grundschule Lerchenberg"},"content":{"rendered":"\n<p>Eine Schule f\u00fcr alle \u2013 diese Leitidee hat f\u00fcr uns als Schwerpunktschule einen gro\u00dfen Stellenwert und die ganze Schulgemeinschaft erlebt und lebt sie im allt\u00e4glichen Umgang. Unsere Sch\u00fcler erleben unabh\u00e4ngig von Hautfarbe, Religion, Herkunft oder k\u00f6rperlicher\/geistiger Beeintr\u00e4chtigung in der Schule Wertsch\u00e4tzung und Akzeptanz und sollen eine positive Einstellung zum Lernen gewinnen. Hierbei wollen wir die Kinder unterst\u00fctzen und haben seit September 2021 durch die Teilnahme am Erasmus+ Programm die M\u00f6glichkeit, \u00fcber Kurzzeitprojekte mit Hilfe von Fortbildungen neue Ideen zu sammeln und uns inspirieren zu lassen.<\/p>\n\n\n\n<p><\/p>\n\n\n\n<p>ERASMUS+ (Leitaktion 1) ist ein von der Europ\u00e4ischen Union finanziertes Projekt, das Fortbildungen und Hospitationen im europ\u00e4ischen Ausland erm\u00f6glicht. Dabei werden Lehrende wieder zu Lernenden und k\u00f6nnen durch das Erlernen neuer Techniken und Unterrichtsmethoden Anregungen f\u00fcr den eigenen Unterricht sammeln.<\/p>\n\n\n\n<p>Im Mai 2021 stellte unsere Schule erstmalig den Antrag f\u00fcr unser Projekt <strong><em>\u201eGemeinsam sind wir stark \u2013 moderne und gerechte Bildung in einem inklusiven Lernumfeld erm\u00f6glichen\u201c<\/em><\/strong>. Durch dieses in seiner Idee umfassende Projekt soll vor allem der Heterogenit\u00e4t unserer Sch\u00fclerschaft Rechnung getragen werden. Das Lernangebot soll an den Bedarf der Sch\u00fcler*innen so individuell wie m\u00f6glich angepasst und die Kompetenzen der Lehrkr\u00e4fte dahingehend erweitert werden. Hierf\u00fcr sind Fortbildungen in den Bereichen der Bildungsgerechtigkeit, Digitalisierung, gesunde Schule f\u00fcr K\u00f6rper und Geist sowie Vielfalt und soziales Miteinander geplant.<\/p>\n\n\n\n<p>Nach erfolgreicher Antragsstellung darf unsere Schule an 11 Fortbildungen zu unterschiedlichen Themen an verschiedenen Orten Europas teilnehmen.<\/p>\n\n\n\n<p>Zur Multiplikation der Ergebnisse sind unter anderem Pr\u00e4sentationen in der Gesamtkonferenz sowie interne Hospitationen im Kollegium geplant, sodass alle Kolleg*innen die M\u00f6glichkeit haben, die neu erworbenen Ideen und Methoden aus den Fortbildungen in ihren Unterricht einzubringen und umzusetzen.<\/p>\n\n\n\n<figure class=\"wp-block-image size-full\"><img loading=\"lazy\" decoding=\"async\" width=\"402\" height=\"248\" src=\"https:\/\/gs-lerchenberg.de\/wp-content\/uploads\/2023\/03\/logo_erasmusplus_footer.jpg\" alt=\"\" class=\"wp-image-1051\" srcset=\"https:\/\/gs-lerchenberg.de\/wp-content\/uploads\/2023\/03\/logo_erasmusplus_footer.jpg 402w, https:\/\/gs-lerchenberg.de\/wp-content\/uploads\/2023\/03\/logo_erasmusplus_footer-300x185.jpg 300w, https:\/\/gs-lerchenberg.de\/wp-content\/uploads\/2023\/03\/logo_erasmusplus_footer-360x222.jpg 360w\" sizes=\"auto, (max-width: 402px) 100vw, 402px\" \/><\/figure>\n","protected":false},"excerpt":{"rendered":"<p>Eine Schule f\u00fcr alle \u2013 diese Leitidee hat f\u00fcr uns als Schwerpunktschule einen gro\u00dfen Stellenwert und die ganze Schulgemeinschaft erlebt und lebt sie im allt\u00e4glichen Umgang. Unsere Sch\u00fcler erleben unabh\u00e4ngig von Hautfarbe, Religion, Herkunft oder k\u00f6rperlicher\/geistiger Beeintr\u00e4chtigung in der Schule <a href=\"https:\/\/gs-lerchenberg.de\/?page_id=991\" class=\"read-more\">Read More &#8230;<\/a><\/p>\n","protected":false},"author":1,"featured_media":0,"parent":17,"menu_order":0,"comment_status":"closed","ping_status":"closed","template":"","meta":{"footnotes":""},"class_list":["post-991","page","type-page","status-publish","hentry"],"_links":{"self":[{"href":"https:\/\/gs-lerchenberg.de\/index.php?rest_route=\/wp\/v2\/pages\/991","targetHints":{"allow":["GET"]}}],"collection":[{"href":"https:\/\/gs-lerchenberg.de\/index.php?rest_route=\/wp\/v2\/pages"}],"about":[{"href":"https:\/\/gs-lerchenberg.de\/index.php?rest_route=\/wp\/v2\/types\/page"}],"author":[{"embeddable":true,"href":"https:\/\/gs-lerchenberg.de\/index.php?rest_route=\/wp\/v2\/users\/1"}],"replies":[{"embeddable":true,"href":"https:\/\/gs-lerchenberg.de\/index.php?rest_route=%2Fwp%2Fv2%2Fcomments&post=991"}],"version-history":[{"count":2,"href":"https:\/\/gs-lerchenberg.de\/index.php?rest_route=\/wp\/v2\/pages\/991\/revisions"}],"predecessor-version":[{"id":1052,"href":"https:\/\/gs-lerchenberg.de\/index.php?rest_route=\/wp\/v2\/pages\/991\/revisions\/1052"}],"up":[{"embeddable":true,"href":"https:\/\/gs-lerchenberg.de\/index.php?rest_route=\/wp\/v2\/pages\/17"}],"wp:attachment":[{"href":"https:\/\/gs-lerchenberg.de\/index.php?rest_route=%2Fwp%2Fv2%2Fmedia&parent=991"}],"curies":[{"name":"wp","href":"https:\/\/api.w.org\/{rel}","templated":true}]}}