{"id":48,"date":"2018-11-30T20:45:19","date_gmt":"2018-11-30T19:45:19","guid":{"rendered":"https:\/\/gs-lerchenberg.de\/?page_id=48"},"modified":"2025-09-08T14:23:02","modified_gmt":"2025-09-08T12:23:02","slug":"fsjler","status":"publish","type":"page","link":"https:\/\/gs-lerchenberg.de\/?page_id=48","title":{"rendered":"FSJler"},"content":{"rendered":"\n<p>Regelm\u00e4\u00dfig erhalten wir Unterst\u00fctzung durch junge Menschen, die ihr freiwilliges soziales Jahr an unserer Schule absolvieren. <\/p>\n\n\n\n<p>Im Schuljahr 2025\/2026 engagieren sich Frau Lina Maria Gei\u00df, Frau Carla Schulz und Frau Julia Binder an unserer Schule.<\/p>\n\n\n\n<div class=\"wp-block-columns has-2-columns is-layout-flex wp-container-core-columns-is-layout-1 wp-block-columns-is-layout-flex\">\n<div class=\"wp-block-column is-layout-flow wp-block-column-is-layout-flow\">\n<p class=\"has-text-align-left\"><\/p>\n<\/div>\n\n\n\n<div class=\"wp-block-column is-layout-flow wp-block-column-is-layout-flow\">\n<p class=\"has-text-align-left\"><\/p>\n<\/div>\n<\/div>\n\n\n\n<p><\/p>\n","protected":false},"excerpt":{"rendered":"<p>Regelm\u00e4\u00dfig erhalten wir Unterst\u00fctzung durch junge Menschen, die ihr freiwilliges soziales Jahr an unserer Schule absolvieren. Im Schuljahr 2025\/2026 engagieren sich Frau Lina Maria Gei\u00df, Frau Carla Schulz und Frau Julia Binder an unserer Schule.<\/p>\n","protected":false},"author":1,"featured_media":0,"parent":20,"menu_order":0,"comment_status":"closed","ping_status":"closed","template":"","meta":{"footnotes":""},"class_list":["post-48","page","type-page","status-publish","hentry"],"_links":{"self":[{"href":"https:\/\/gs-lerchenberg.de\/index.php?rest_route=\/wp\/v2\/pages\/48","targetHints":{"allow":["GET"]}}],"collection":[{"href":"https:\/\/gs-lerchenberg.de\/index.php?rest_route=\/wp\/v2\/pages"}],"about":[{"href":"https:\/\/gs-lerchenberg.de\/index.php?rest_route=\/wp\/v2\/types\/page"}],"author":[{"embeddable":true,"href":"https:\/\/gs-lerchenberg.de\/index.php?rest_route=\/wp\/v2\/users\/1"}],"replies":[{"embeddable":true,"href":"https:\/\/gs-lerchenberg.de\/index.php?rest_route=%2Fwp%2Fv2%2Fcomments&post=48"}],"version-history":[{"count":11,"href":"https:\/\/gs-lerchenberg.de\/index.php?rest_route=\/wp\/v2\/pages\/48\/revisions"}],"predecessor-version":[{"id":1236,"href":"https:\/\/gs-lerchenberg.de\/index.php?rest_route=\/wp\/v2\/pages\/48\/revisions\/1236"}],"up":[{"embeddable":true,"href":"https:\/\/gs-lerchenberg.de\/index.php?rest_route=\/wp\/v2\/pages\/20"}],"wp:attachment":[{"href":"https:\/\/gs-lerchenberg.de\/index.php?rest_route=%2Fwp%2Fv2%2Fmedia&parent=48"}],"curies":[{"name":"wp","href":"https:\/\/api.w.org\/{rel}","templated":true}]}}